t x = -66 - -137. Let l(u) = 2 + 5*u**3 - 1 + 72*u - x*u. Give l(-1).
-5
Let g(m) be the first derivative of m**5/120 - 3*m**4/8 - 13*m**3/3 - 24. Let x(w) be the third derivative of g(w). Calculate x(8).
-1
Suppose 2*z = 5 + 9. Let j(m) = z*m + 13*m - 17*m. Calculate j(1).
3
Let d be (17/(85/(-100)))/(-4). Let k(j) = 4*j**2 + 6 + j - 2 - j**3 + 5*j. What is k(d)?
9
Let y be (186/(-24) + 7)*(-3 + -1). Let o(a) be the third derivative of 1/12*a**4 + 1/30*a**6 + 0*a**5 - 3*a**2 + 0*a - 1/6*a**y + 0. Determine o(1).
5
Let d = -5 + 8. Suppose d*z - 12 = 7*z. Let w(g) = 3*g**3 + 4*g**2 - 15*g. Let l(f) = 5*f**3 + 6*f**2 - 27*f. Let r(c) = -4*l(c) + 7*w(c). Determine r(z).
0
Suppose 2*z - 3*n + 2*n = 2, 2*z + 2 = -n. Suppose 2*t = -z*t + 2. Let u(i) = -198*i**2 + 103*i**2 + 98*i**2 - 1. Calculate u(t).
2
Let d(u) = u**2 - 9*u + 7. Let r(c) = c**3 + 13*c**2 + 15*c + 202. Let g be r(-13). Give d(g).
-7
Let r(j) = j**3 - 12*j**2 + 10*j - 12. Let g(d) = d**2 - d + 2. Let w(z) = -6*g(z) - r(z). Calculate w(6).
-24
Let y(u) be the second derivative of u**3/6 + u**2 - u. Let a be (1 - 0)*(-358 + -6)/(-4). Let m = -91 + a. Calculate y(m).
2
Suppose -2*u - 5 = 3*b, -5*b = 25 - 0. Let c(z) = -4*z**3 - 26*z**2 - 11*z - 25. Let s(a) = -a**3 - 8*a**2 - 4*a - 8. Let l(m) = -2*c(m) + 7*s(m). Give l(u).
-11
Let t(d) = -d**2 - 6*d - 4. Let j(o) = o - 11. Suppose 12 = 5*s + 4*r - 6, 4*r = 3*s - 30. Let p be j(s). What is t(p)?
1
Let t(p) be the first derivative of -p**7/840 + p**6/72 - p**5/60 + p**4/12 - 2*p**3/3 - 1. Let i(j) be the third derivative of t(j). Determine i(4).
10
Let n(r) be the third derivative of -r**5/60 + r**4/12 + r**3/3 + 199*r**2 - 2. Calculate n(9).
-61
Let f(k) = 8*k + 1. Suppose -8 = 10*s + 2. What is f(s)?
-7
Let g(v) = -9*v**2. Let r(s) = -2*s**3 + 3*s - 2. Let b be r(1). Calculate g(b).
-9
Let z(p) = -p**2 + p + 6. Suppose -o = -2*m - 0*o - 77, -m + 3*o - 31 = 0. Let c be (11/44)/((-2)/m). Give z(c).
-14
Let c = 2 - 6. Let k be 11/c - 1/4. Let j(z) = 6*z + 5. Let b(n) = -7*n - 6. Let y(q) = -5*b(q) - 6*j(q). What is y(k)?
3
Suppose -2*v + 14*i - 19*i - 9 = 0, -2*v - 2*i = 12. Let u(c) = c**3 + 8*c**2 + 7*c + 8. Determine u(v).
8
Let p be 5/(-3) + 8/12. Suppose -4*o + 7*o = 0. Let d(x) = o*x - 6*x + 5*x. What is d(p)?
1
Let g(d) be the first derivative of 7/3*d**3 + 1/2*d**2 - 1 - 2*d - 1/4*d**4. Suppose 57*w - 56 = -4*z + 53*w, -6*z = -4*w - 14. Calculate g(z).
5
Suppose 20*h - 7*h + 195 = 0. Let y(m) = m**3 + 14*m**2 - 15*m + 2. Determine y(h).
2
Suppose -4*v - g = -12, -3*v - 2*g = -4*g + 2. Suppose 0 = 3*f + 5*p - 18, -v*f + 3*p - 8 = -f. Let w(x) = x + f + 1 + 4 - 3. Give w(-4).
-1
Let f(v) = -v**2 + 6*v + 1. Let r(u) = 3*u**2 - 16*u + 5. Let b be r(5). Suppose b = 4*g - 0*j - j - 27, 5*g + 4*j = 18. Calculate f(g).
1
Let j(n) = 12*n - 13. Let y be -1*12/(-9)*3. Let h(t) = 23*t - 27. Let q(c) = y*h(c) - 7*j(c). Let k(p) = -2*p + 4. Let s(b) = -26*k(b) - 6*q(b). Give s(4).
14
Let m(s) = -s**2 + 12*s + 18. Let l be m(13). Suppose -2*o + l - 7 = 0. Let u(y) = 2*y**2 + y. What is u(o)?
1
Let l be (-26)/(-6) + (-12)/36. Suppose 3*s + 4 = l*s. Let a(v) = 6*v + 5. Determine a(s).
29
Let f(j) be the second derivative of j**4/12 - j**3 - 7*j**2/2 - 18*j. Determine f(7).
0
Let q(p) = -4*p**3 - 7*p**2 + p. Let y(o) be the second derivative of -o**5/20 - o**4/6 - 3*o. Let s(d) = 2*q(d) - 7*y(d). What is s(2)?
-4
Let c(b) = b**2 - 4*b - 3. Let l(t) = 4*t - 4. Let m be l(3). Calculate c(m).
29
Let m(l) be the third derivative of -l**9/6720 - l**7/5040 + l**6/720 - 9*l**5/10 + 5*l**2 - 5*l. Let a(u) be the third derivative of m(u). Determine a(1).
-9
Let w(c) = -2*c**3 - 3*c**2 + c + 1. Let q be w(1). Let g(k) = -k**3 - 4*k**2 - k + 2. Determine g(q).
-4
Suppose 5*p - 3 = 2*p + j, -6 = -2*j. Let n(z) = p*z - 124 + 115 - z. Determine n(5).
-4
Let y(v) = 9*v**2 - 5*v + 9. Suppose 21 + 7 = -4*p. Let l(m) = 8*m**2 - 4*m + 8. Let u(h) = p*l(h) + 6*y(h). Determine u(-2).
-6
Let f be (15 + -3)/((-9)/(-12)). Let g(p) = -2*p + p**3 + f*p**2 - 20*p**2 + 3 + 1. What is g(4)?
-4
Let n = 10 + -6. Let d(k) = -5*k - 10. Let l(x) = -2*x - 3. Let w(v) = -3*d(v) + 8*l(v). What is w(n)?
2
Let n(o) = 1 + 0*o - 3*o**2 + 4*o + 2*o - o**3. Suppose 2*f = -3*v - 27, -2*v + f = 3*f + 20. Let d(r) = 3*r + 17. Let c be d(v). Determine n(c).
-7
Let a(y) = 38 - 30 - y - 18. What is a(-12)?
2
Let q be (-15 + 7 - -8) + (2 - -2). Let g(t) be the third derivative of 0*t + q*t**2 + 0 - 1/12*t**4 + 0*t**3. Calculate g(4).
-8
Suppose 16*u - 47 = -15. Let w(z) = -3*z**3 + 3*z**2 - 2*z + 3. What is w(u)?
-13
Let j(c) be the third derivative of c**5/60 - 2*c**4/3 + 35*c**3/6 - 111*c**2. Determine j(14).
7
Let x(z) = 2 - 4*z**3 - 3 + z**2 + z - 2*z. Let f = 21 - 12. Suppose -3*l - 3*g + 7 = 2*g, -3*l + 3*g - f = 0. What is x(l)?
5
Let u(c) = -c**2 + 3. Let l be u(0). Let z(q) = 4*q - 1. Let m(n) = -11*n + 3. Let k(b) = l*m(b) + 8*z(b). Let x = 17 + -12. Determine k(x).
-4
Let y(a) = a**3 - 62 + 0*a - 2*a**2 - a + 52. Let b(k) = 2*k**3 - 5*k**2 - 2*k - 19. Let s(n) = -4*b(n) + 7*y(n). Determine s(6).
12
Let m(j) = 1 - j**2 + 10*j - 6*j + 1. Suppose -1 = -4*q - 17. Let w be 5 - ((-32)/q)/4. Determine m(w).
5
Let r(k) = k**2 - 8*k + 1. Let d(p) = -p. Let o(j) = 3*d(j) - r(j). Let t be -2*-2*(-20)/(-16). Give o(t).
-1
Let y = -4 + -4. Let b(x) = -62 + 7*x - 7*x**2 - 31*x**3 - 69 + 125 + 30*x**3. Determine b(y).
2
Let n = -30 + 32. Let f(u) = 13 + u + u**n - 22 - 9*u. Give f(9).
0
Let s(u) = 2*u + 2. Let x(y) = 2*y + 3. Let a be x(-7). Let o be 5/25 + a/5. Let r(n) = -3*n - 5. Let j(c) = o*r(c) - 5*s(c). Calculate j(-3).
12
Let h(k) be the third derivative of 13*k**5/60 - k**4/24 - k**3/6 - 11*k**2. Let n = 594 - 595. Determine h(n).
13
Let s(g) = 18*g**3 + 35*g**2 - 7*g - 11. Let h(t) = -10*t**3 - 19*t**2 + 4*t + 6. Let r(q) = 11*h(q) + 6*s(q). Let f = -5 + 2. Let b = 5 + f. Determine r(b).
-8
Let l(k) = -k**3 - 2*k**2 + k. Let m(v) = -4*v**3 - v**2 - 2*v + 5. Let h(x) = -3*l(x) + m(x). Determine h(4).
1
Suppose -9 + 4 = 3*h - 2*u, -4*h - 5 = -3*u. Let f = -7 - h. Let g(m) = -7*m - 3. Determine g(f).
11
Suppose 0 = -4*j - 0*m - 3*m + 9, 0 = 3*j - 3*m - 12. Let o(v) = v**2 - 2*v + 2 - 4 + j. Determine o(-2).
9
Suppose 16 + 4 = 2*m + 2*i, -5*m = 2*i - 35. Let j(f) = -3*f**2 + 9*f + 1. Give j(m).
-29
Let l = 2954 - 2950. Let x(j) = j**2. Let y(g) = -g**3 + 8*g**2 - 6*g + 6. Let b(i) = -2*x(i) + y(i). Determine b(l).
14
Let i be 5 - (-3 + 104/(-2)). Let x be 4/6 + i/18. Let c(b) = b**2 - 3*b. Calculate c(x).
4
Let n(w) = 2*w**2 + 2*w - 2. Suppose -3*t = 5*u - 19, 2*u - 6*u - 5*t = -23. Calculate n(u).
10
Suppose -4*j + 12*j = 24. Suppose 2*h = -0*h + j*h. Let a(c) = -c**3 - 13. What is a(h)?
-13
Suppose -2*i - 6 = 2*g, 5*i + g + 11 = -0. Let x(w) = -7*w - 2. Calculate x(i).
12
Suppose 117 = -3*g + b, -2*b + 15 = 3*b. Let y = g - -34. Let s(u) = -u**2 + 1. Determine s(y).
-15
Let r(u) = u**2 - u - 1. Let k = -54 - -49. Let f(a) = -4*a**2 + 5*a - 4. Let g(b) = k*r(b) - f(b). Determine g(0).
9
Let d(t) = -t**3 + t**2 + 2*t. Let w be (12/(-18) - (-2)/(-6))*0. What is d(w)?
0
Let v(m) = -m**3 + 3*m**2 - 2*m + 2. Suppose 6*l = -0*l + 30. Let x = l - 2. Give v(x).
-4
Let j(u) = -4*u - 2*u + 9*u - 56*u**2 + 4*u - 8*u. Give j(-1).
-55
Let u(s) = s - 9. Let p = -18 - -21. Calculate u(p).
-6
Let s(u) = -u**2 - u - 1. Let m(t) = 4*t**2 + 3*t + 8. Let i(d) = m(d) + 3*s(d). Let k(p) = 2*p. Let o = 10 + -10. Let x be k(o). Calculate i(x).
5
Let g(z) be the third derivative of -1/12*z**4 + 0 + 8*z**2 - 1/3*z**3 + 0*z. Let r(o) = o**2 - 4*o - 2. Let d be r(4). Give g(d).
2
Let b(z) be the first derivative of -z**3/3 - 5*z**2/2 - 12*z - 145. Determine b(-6).
-18
Let d be (-10)/(-3)*(-360)/(-75). Let t = 6 + -2. Let s be 2/t*d/(-8). Let o(r) = 4*r**3 + 2*r + 1. Determine o(s).
-5
Suppose 0 = 2*q - 4*q + 4*a, -3*q = -a - 10. Let y be (-1)/3*((1 - q) + 18). Let r(g) be the third derivative of g**4/24 + 4*g**3/3 + g**2. Determine r(y).
3
Suppose -21*y = -22*y - 5. Let m(j) = -3*j**3 + 15*j**2 + 8*j + 10. Let n(g) = -2*g**3 + 10*g**2 + 5*g + 7. Let h(u) = y*m(u) + 8*n(u). What is h(5)?
6
Let j = -47 - -41. Let w(a) = -a**2 - 5*a - 8. Give w(j).
-14
Let c(v) = -4*v + 1. Suppose 4*n = 4*l, 3*n + 2 = -5*l + 18. Determ